{"id":1195,"date":"2024-09-03T08:33:08","date_gmt":"2024-09-03T06:33:08","guid":{"rendered":"https:\/\/www.eosverona.com\/new\/?page_id=1195"},"modified":"2024-10-28T06:12:40","modified_gmt":"2024-10-28T05:12:40","slug":"servizi-e-prove-di-laboratorio-3","status":"publish","type":"page","link":"https:\/\/www.eosverona.com\/new\/es\/servizi-e-prove-di-laboratorio-3\/","title":{"rendered":"SERVIZI e PROVE di LABORATORIO"},"content":{"rendered":"\n<h1 class=\"wp-block-heading has-text-align-center has-text-color has-link-color wp-elements-dc939d70b157c050c7e3317c3b2f5398\" style=\"color:#dfa400\"><strong>SERVICIOS VARIOS y PRUEBAS de LABORATORIO<\/strong><\/h1>\n\n\n\n<div class=\"wp-block-columns is-layout-flex wp-container-core-columns-layout-1 wp-block-columns-is-layout-flex\">\n<div class=\"wp-block-column is-layout-flow wp-block-column-is-layout-flow\">\n<figure class=\"wp-block-image aligncenter size-large is-resized\"><img loading=\"lazy\" decoding=\"async\" width=\"530\" height=\"1024\" src=\"https:\/\/www.eosverona.com\/new\/wp-content\/uploads\/2024\/06\/prove-di-laboratorio-3-530x1024.jpg\" alt=\"\" class=\"wp-image-490\" style=\"width:212px;height:auto\" srcset=\"https:\/\/www.eosverona.com\/new\/wp-content\/uploads\/2024\/06\/prove-di-laboratorio-3-530x1024.jpg 530w, https:\/\/www.eosverona.com\/new\/wp-content\/uploads\/2024\/06\/prove-di-laboratorio-3-155x300.jpg 155w, https:\/\/www.eosverona.com\/new\/wp-content\/uploads\/2024\/06\/prove-di-laboratorio-3.jpg 768w\" sizes=\"(max-width: 530px) 100vw, 530px\" \/><\/figure>\n<\/div>\n\n\n\n<div class=\"wp-block-column is-layout-flow wp-block-column-is-layout-flow\">\n<figure class=\"wp-block-image aligncenter size-full\"><img loading=\"lazy\" decoding=\"async\" width=\"300\" height=\"452\" src=\"https:\/\/www.eosverona.com\/new\/wp-content\/uploads\/2024\/06\/prove-di-laboratorio-1.jpg\" alt=\"\" class=\"wp-image-491\" srcset=\"https:\/\/www.eosverona.com\/new\/wp-content\/uploads\/2024\/06\/prove-di-laboratorio-1.jpg 300w, https:\/\/www.eosverona.com\/new\/wp-content\/uploads\/2024\/06\/prove-di-laboratorio-1-199x300.jpg 199w\" sizes=\"(max-width: 300px) 100vw, 300px\" \/><\/figure>\n<\/div>\n\n\n\n<div class=\"wp-block-column is-layout-flow wp-block-column-is-layout-flow\">\n<figure class=\"wp-block-image aligncenter size-large is-resized\"><img loading=\"lazy\" decoding=\"async\" width=\"675\" height=\"1024\" src=\"https:\/\/www.eosverona.com\/new\/wp-content\/uploads\/2024\/06\/prove-di-laboratorio-2-675x1024.jpg\" alt=\"\" class=\"wp-image-492\" style=\"width:297px;height:auto\" srcset=\"https:\/\/www.eosverona.com\/new\/wp-content\/uploads\/2024\/06\/prove-di-laboratorio-2-675x1024.jpg 675w, https:\/\/www.eosverona.com\/new\/wp-content\/uploads\/2024\/06\/prove-di-laboratorio-2-198x300.jpg 198w, https:\/\/www.eosverona.com\/new\/wp-content\/uploads\/2024\/06\/prove-di-laboratorio-2-768x1165.jpg 768w, https:\/\/www.eosverona.com\/new\/wp-content\/uploads\/2024\/06\/prove-di-laboratorio-2-1013x1536.jpg 1013w, https:\/\/www.eosverona.com\/new\/wp-content\/uploads\/2024\/06\/prove-di-laboratorio-2-1350x2048.jpg 1350w, https:\/\/www.eosverona.com\/new\/wp-content\/uploads\/2024\/06\/prove-di-laboratorio-2-scaled.jpg 1688w\" sizes=\"(max-width: 675px) 100vw, 675px\" \/><\/figure>\n<\/div>\n<\/div>\n\n\n\n<p class=\"has-text-align-center has-text-color has-link-color wp-elements-c13f44024856540e85ff40ace320a92d\" style=\"color:#dfa400\">Gracias a 3 distintas unedades siempre a su disposici\u00f3n, el laboratorio especializado EOS resulta ideal para las pruebas de preparaci\u00f3n, de precompactaci\u00f3n y de agregaci\u00f3n final a efectuarse sobre cualquier material o producto de propiedad del Cliente.<\/p>\n\n\n\n<p class=\"has-text-align-center has-text-color has-link-color wp-elements-be05e1659e871a8877122e28cc6455a9\" style=\"color:#dfa400\">Todas nuestras maquinas estan equipadas con variados acessorios y repuestos que permiten de efectuar test de verificacion como de resistencia mecanica, medida del valore de humedad, test de compatibilidad y de duraci\u00f3n, todas pruebas necesarias para establecer las caracteristicas de la single peletizadora o de la entera planta productiva mas idonea para la fabricaci\u00f3n final del especifico material precedentemente testado.<\/p>\n\n\n\n<div class=\"wp-block-columns is-layout-flex wp-container-core-columns-layout-2 wp-block-columns-is-layout-flex\">\n<div class=\"wp-block-column is-layout-flow wp-block-column-is-layout-flow\">\n<figure class=\"wp-block-image alignfull size-large\"><img loading=\"lazy\" decoding=\"async\" width=\"844\" height=\"1024\" src=\"https:\/\/www.eosverona.com\/new\/wp-content\/uploads\/2024\/06\/prove-di-laboratorio-6-844x1024.jpg\" alt=\"\" class=\"wp-image-499\" srcset=\"https:\/\/www.eosverona.com\/new\/wp-content\/uploads\/2024\/06\/prove-di-laboratorio-6-844x1024.jpg 844w, https:\/\/www.eosverona.com\/new\/wp-content\/uploads\/2024\/06\/prove-di-laboratorio-6-247x300.jpg 247w, https:\/\/www.eosverona.com\/new\/wp-content\/uploads\/2024\/06\/prove-di-laboratorio-6-768x931.jpg 768w, https:\/\/www.eosverona.com\/new\/wp-content\/uploads\/2024\/06\/prove-di-laboratorio-6-1267x1536.jpg 1267w, https:\/\/www.eosverona.com\/new\/wp-content\/uploads\/2024\/06\/prove-di-laboratorio-6.jpg 1613w\" sizes=\"(max-width: 844px) 100vw, 844px\" \/><\/figure>\n<\/div>\n\n\n\n<div class=\"wp-block-column is-layout-flow wp-block-column-is-layout-flow\">\n<h3 class=\"wp-block-heading has-ast-global-color-1-color has-text-color has-link-color wp-elements-286208d724009a151a01e9d44256a868\"><strong>Bajo requerida, todos los test podran estar effectuados en presencia del Cliente tambien<\/strong><\/h3>\n\n\n\n<p class=\"has-text-color has-link-color wp-elements-ca11c4087a0af9089eedc61c08337adf\" style=\"color:#dfa400\">La producci\u00f3n del pellet conseguido &#8211; de cualquier tipo &#8211; esta ademas certificada por medio de report de prueba, con muestras incluidas de cita y desde video especifico de la serie de test efectuados. Tenemos disponible tambien una consolidada asociaci\u00f3n con otro laboratorio exteri\u00f3r habilitado en certificar la composici\u00f3n, la analisis quimica y las pruebas de combusti\u00f3n del pellet logrado gracias al servicio de test hechos en el laboratorio EOS.<\/p>\n\n\n\n<h2 class=\"wp-block-heading has-ast-global-color-1-color has-text-color has-link-color has-large-font-size wp-elements-170bbc847888ab4afa04fcfa5e5a7727\"><strong>Contactenos para mas info y detalles<\/strong><\/h2>\n\n\n\n<div style=\"height:21px\" aria-hidden=\"true\" class=\"wp-block-spacer\"><\/div>\n\n\n\n<figure class=\"wp-block-image alignfull size-large\"><img loading=\"lazy\" decoding=\"async\" width=\"1024\" height=\"772\" src=\"https:\/\/www.eosverona.com\/new\/wp-content\/uploads\/2024\/06\/prove-di-laboratorio-7-1024x772.jpg\" alt=\"\" class=\"wp-image-500\" srcset=\"https:\/\/www.eosverona.com\/new\/wp-content\/uploads\/2024\/06\/prove-di-laboratorio-7-1024x772.jpg 1024w, https:\/\/www.eosverona.com\/new\/wp-content\/uploads\/2024\/06\/prove-di-laboratorio-7-300x226.jpg 300w, https:\/\/www.eosverona.com\/new\/wp-content\/uploads\/2024\/06\/prove-di-laboratorio-7-768x579.jpg 768w, https:\/\/www.eosverona.com\/new\/wp-content\/uploads\/2024\/06\/prove-di-laboratorio-7-1536x1157.jpg 1536w, https:\/\/www.eosverona.com\/new\/wp-content\/uploads\/2024\/06\/prove-di-laboratorio-7-2048x1543.jpg 2048w\" sizes=\"(max-width: 1024px) 100vw, 1024px\" \/><\/figure>\n<\/div>\n<\/div>\n","protected":false},"excerpt":{"rendered":"<p>SERVICIOS VARIOS y PRUEBAS de LABORATORIO Gracias a 3 distintas unedades siempre a su disposici\u00f3n, el laboratorio especializado EOS resulta [&hellip;]<\/p>\n","protected":false},"author":1,"featured_media":0,"parent":0,"menu_order":0,"comment_status":"closed","ping_status":"closed","template":"","meta":{"site-sidebar-layout":"default","site-content-layout":"","ast-site-content-layout":"","site-content-style":"default","site-sidebar-style":"default","ast-global-header-display":"","ast-banner-title-visibility":"","ast-main-header-display":"","ast-hfb-above-header-display":"","ast-hfb-below-header-display":"","ast-hfb-mobile-header-display":"","site-post-title":"disabled","ast-breadcrumbs-content":"","ast-featured-img":"","footer-sml-layout":"","theme-transparent-header-meta":"","adv-header-id-meta":"","stick-header-meta":"","header-above-stick-meta":"","header-main-stick-meta":"","header-below-stick-meta":"","astra-migrate-meta-layouts":"default","ast-page-background-enabled":"default","ast-page-background-meta":{"desktop":{"background-color":"var(--ast-global-color-4)","background-image":"","background-repeat":"repeat","background-position":"center center","background-size":"auto","background-attachment":"scroll","background-type":"","background-media":"","overlay-type":"","overlay-color":"","overlay-gradient":""},"tablet":{"background-color":"","background-image":"","background-repeat":"repeat","background-position":"center center","background-size":"auto","background-attachment":"scroll","background-type":"","background-media":"","overlay-type":"","overlay-color":"","overlay-gradient":""},"mobile":{"background-color":"","background-image":"","background-repeat":"repeat","background-position":"center center","background-size":"auto","background-attachment":"scroll","background-type":"","background-media":"","overlay-type":"","overlay-color":"","overlay-gradient":""}},"ast-content-background-meta":{"desktop":{"background-color":"var(--ast-global-color-5)","background-image":"","background-repeat":"repeat","background-position":"center center","background-size":"auto","background-attachment":"scroll","background-type":"","background-media":"","overlay-type":"","overlay-color":"","overlay-gradient":""},"tablet":{"background-color":"var(--ast-global-color-5)","background-image":"","background-repeat":"repeat","background-position":"center center","background-size":"auto","background-attachment":"scroll","background-type":"","background-media":"","overlay-type":"","overlay-color":"","overlay-gradient":""},"mobile":{"background-color":"var(--ast-global-color-5)","background-image":"","background-repeat":"repeat","background-position":"center center","background-size":"auto","background-attachment":"scroll","background-type":"","background-media":"","overlay-type":"","overlay-color":"","overlay-gradient":""}},"footnotes":""},"_links":{"self":[{"href":"https:\/\/www.eosverona.com\/new\/wp-json\/wp\/v2\/pages\/1195"}],"collection":[{"href":"https:\/\/www.eosverona.com\/new\/wp-json\/wp\/v2\/pages"}],"about":[{"href":"https:\/\/www.eosverona.com\/new\/wp-json\/wp\/v2\/types\/page"}],"author":[{"embeddable":true,"href":"https:\/\/www.eosverona.com\/new\/wp-json\/wp\/v2\/users\/1"}],"replies":[{"embeddable":true,"href":"https:\/\/www.eosverona.com\/new\/wp-json\/wp\/v2\/comments?post=1195"}],"version-history":[{"count":2,"href":"https:\/\/www.eosverona.com\/new\/wp-json\/wp\/v2\/pages\/1195\/revisions"}],"predecessor-version":[{"id":1367,"href":"https:\/\/www.eosverona.com\/new\/wp-json\/wp\/v2\/pages\/1195\/revisions\/1367"}],"wp:attachment":[{"href":"https:\/\/www.eosverona.com\/new\/wp-json\/wp\/v2\/media?parent=1195"}],"curies":[{"name":"wp","href":"https:\/\/api.w.org\/{rel}","templated":true}]}}