{"id":1193,"date":"2024-09-03T08:33:07","date_gmt":"2024-09-03T06:33:07","guid":{"rendered":"https:\/\/www.eosverona.com\/new\/?page_id=1193"},"modified":"2024-09-03T08:33:24","modified_gmt":"2024-09-03T06:33:24","slug":"servizi-e-prove-di-laboratorio-2","status":"publish","type":"page","link":"https:\/\/www.eosverona.com\/new\/en\/servizi-e-prove-di-laboratorio-2\/","title":{"rendered":"SERVIZI e PROVE di LABORATORIO"},"content":{"rendered":"\n<h1 class=\"wp-block-heading has-text-align-center has-text-color has-link-color wp-elements-fcfbc3a3889c088472801003bfa269ef\" style=\"color:#dfa400\"><strong>SERVIZI e PROVE di LABORATORIO<\/strong><\/h1>\n\n\n\n<div class=\"wp-block-columns is-layout-flex wp-container-core-columns-layout-1 wp-block-columns-is-layout-flex\">\n<div class=\"wp-block-column is-layout-flow wp-block-column-is-layout-flow\">\n<figure class=\"wp-block-image aligncenter size-large is-resized\"><img loading=\"lazy\" decoding=\"async\" width=\"530\" height=\"1024\" src=\"https:\/\/www.eosverona.com\/new\/wp-content\/uploads\/2024\/06\/prove-di-laboratorio-3-530x1024.jpg\" alt=\"\" class=\"wp-image-490\" style=\"width:212px;height:auto\" srcset=\"https:\/\/www.eosverona.com\/new\/wp-content\/uploads\/2024\/06\/prove-di-laboratorio-3-530x1024.jpg 530w, https:\/\/www.eosverona.com\/new\/wp-content\/uploads\/2024\/06\/prove-di-laboratorio-3-155x300.jpg 155w, https:\/\/www.eosverona.com\/new\/wp-content\/uploads\/2024\/06\/prove-di-laboratorio-3.jpg 768w\" sizes=\"(max-width: 530px) 100vw, 530px\" \/><\/figure>\n<\/div>\n\n\n\n<div class=\"wp-block-column is-layout-flow wp-block-column-is-layout-flow\">\n<figure class=\"wp-block-image aligncenter size-full\"><img loading=\"lazy\" decoding=\"async\" width=\"300\" height=\"452\" src=\"https:\/\/www.eosverona.com\/new\/wp-content\/uploads\/2024\/06\/prove-di-laboratorio-1.jpg\" alt=\"\" class=\"wp-image-491\" srcset=\"https:\/\/www.eosverona.com\/new\/wp-content\/uploads\/2024\/06\/prove-di-laboratorio-1.jpg 300w, https:\/\/www.eosverona.com\/new\/wp-content\/uploads\/2024\/06\/prove-di-laboratorio-1-199x300.jpg 199w\" sizes=\"(max-width: 300px) 100vw, 300px\" \/><\/figure>\n<\/div>\n\n\n\n<div class=\"wp-block-column is-layout-flow wp-block-column-is-layout-flow\">\n<figure class=\"wp-block-image aligncenter size-large is-resized\"><img loading=\"lazy\" decoding=\"async\" width=\"675\" height=\"1024\" src=\"https:\/\/www.eosverona.com\/new\/wp-content\/uploads\/2024\/06\/prove-di-laboratorio-2-675x1024.jpg\" alt=\"\" class=\"wp-image-492\" style=\"width:297px;height:auto\" srcset=\"https:\/\/www.eosverona.com\/new\/wp-content\/uploads\/2024\/06\/prove-di-laboratorio-2-675x1024.jpg 675w, https:\/\/www.eosverona.com\/new\/wp-content\/uploads\/2024\/06\/prove-di-laboratorio-2-198x300.jpg 198w, https:\/\/www.eosverona.com\/new\/wp-content\/uploads\/2024\/06\/prove-di-laboratorio-2-768x1165.jpg 768w, https:\/\/www.eosverona.com\/new\/wp-content\/uploads\/2024\/06\/prove-di-laboratorio-2-1013x1536.jpg 1013w, https:\/\/www.eosverona.com\/new\/wp-content\/uploads\/2024\/06\/prove-di-laboratorio-2-1350x2048.jpg 1350w, https:\/\/www.eosverona.com\/new\/wp-content\/uploads\/2024\/06\/prove-di-laboratorio-2-scaled.jpg 1688w\" sizes=\"(max-width: 675px) 100vw, 675px\" \/><\/figure>\n<\/div>\n<\/div>\n\n\n\n<p class=\"has-text-align-center has-text-color has-link-color wp-elements-ee0f03c63b150fd364de63f84ee446b6\" style=\"color:#dfa400\">Avvalendosi di 3 distinte unit\u00e0 sempre a disposizione il laboratorio specializzato EOS \u00e8 ideale per gli specifici test di rifinitura, di aggregazione e di compattazione su qualsiasi materiale o prodotto di propriet\u00e0 del Committente.<\/p>\n\n\n\n<p class=\"has-text-align-center has-text-color has-link-color wp-elements-8bcfb14be2fcbe242705bdacac9c4411\" style=\"color:#dfa400\">Tutte le nostre macchine sono dotate di molteplici accessori e ricambi che permettono di effettuare test di verifica quali resistenza meccanica, misurazione del valore di umidit\u00e0, test di compatibilit\u00e0 e di durabilit\u00e0, prove necessarie a stabilire le caratteristiche della singola pellettatrice o dell\u2019impianto pi\u00f9 idoneo per produrre lo specifico materiale testato.<\/p>\n\n\n\n<div class=\"wp-block-columns is-layout-flex wp-container-core-columns-layout-2 wp-block-columns-is-layout-flex\">\n<div class=\"wp-block-column is-layout-flow wp-block-column-is-layout-flow\">\n<figure class=\"wp-block-image alignfull size-large\"><img loading=\"lazy\" decoding=\"async\" width=\"844\" height=\"1024\" src=\"https:\/\/www.eosverona.com\/new\/wp-content\/uploads\/2024\/06\/prove-di-laboratorio-6-844x1024.jpg\" alt=\"\" class=\"wp-image-499\" srcset=\"https:\/\/www.eosverona.com\/new\/wp-content\/uploads\/2024\/06\/prove-di-laboratorio-6-844x1024.jpg 844w, https:\/\/www.eosverona.com\/new\/wp-content\/uploads\/2024\/06\/prove-di-laboratorio-6-247x300.jpg 247w, https:\/\/www.eosverona.com\/new\/wp-content\/uploads\/2024\/06\/prove-di-laboratorio-6-768x931.jpg 768w, https:\/\/www.eosverona.com\/new\/wp-content\/uploads\/2024\/06\/prove-di-laboratorio-6-1267x1536.jpg 1267w, https:\/\/www.eosverona.com\/new\/wp-content\/uploads\/2024\/06\/prove-di-laboratorio-6.jpg 1613w\" sizes=\"(max-width: 844px) 100vw, 844px\" \/><\/figure>\n<\/div>\n\n\n\n<div class=\"wp-block-column is-layout-flow wp-block-column-is-layout-flow\">\n<h3 class=\"wp-block-heading has-ast-global-color-1-color has-text-color has-link-color wp-elements-131ed84291e2ce8b728d2c23bc957dbb\"><strong>Su richiesta, i test possono essere effettuati anche in presenza del Committente.<\/strong><\/h3>\n\n\n\n<p class=\"has-text-color has-link-color wp-elements-6e7915d073f2440501527ac1a232ce9d\" style=\"color:#dfa400\">La produzione di pellet cos\u00ec ottenuto &#8211; di qualsiasi tipo &#8211; viene poi certificata da relazione di prova, da campioni con datazione e da video a supporto dei test effettuati.Disponiamo inoltre di una consolidata partnership con un altro laboratorio esterno abilitato per certificare la composizione, l\u2019analisi chimica e i test di combustione per il pellet ottenuto a seguito del servizio prove EOS.<\/p>\n\n\n\n<h2 class=\"wp-block-heading has-ast-global-color-1-color has-text-color has-link-color wp-elements-4aff2921f828ee81b64b1cb0396c4b13\"><strong>Contattateci per altre info o dettagli<\/strong><\/h2>\n\n\n\n<div style=\"height:21px\" aria-hidden=\"true\" class=\"wp-block-spacer\"><\/div>\n\n\n\n<figure class=\"wp-block-image alignfull size-large\"><img loading=\"lazy\" decoding=\"async\" width=\"1024\" height=\"772\" src=\"https:\/\/www.eosverona.com\/new\/wp-content\/uploads\/2024\/06\/prove-di-laboratorio-7-1024x772.jpg\" alt=\"\" class=\"wp-image-500\" srcset=\"https:\/\/www.eosverona.com\/new\/wp-content\/uploads\/2024\/06\/prove-di-laboratorio-7-1024x772.jpg 1024w, https:\/\/www.eosverona.com\/new\/wp-content\/uploads\/2024\/06\/prove-di-laboratorio-7-300x226.jpg 300w, https:\/\/www.eosverona.com\/new\/wp-content\/uploads\/2024\/06\/prove-di-laboratorio-7-768x579.jpg 768w, https:\/\/www.eosverona.com\/new\/wp-content\/uploads\/2024\/06\/prove-di-laboratorio-7-1536x1157.jpg 1536w, https:\/\/www.eosverona.com\/new\/wp-content\/uploads\/2024\/06\/prove-di-laboratorio-7-2048x1543.jpg 2048w\" sizes=\"(max-width: 1024px) 100vw, 1024px\" \/><\/figure>\n<\/div>\n<\/div>\n","protected":false},"excerpt":{"rendered":"<p>SERVIZI e PROVE di LABORATORIO Avvalendosi di 3 distinte unit\u00e0 sempre a disposizione il laboratorio specializzato EOS \u00e8 ideale per [&hellip;]<\/p>\n","protected":false},"author":1,"featured_media":0,"parent":0,"menu_order":0,"comment_status":"closed","ping_status":"closed","template":"","meta":{"site-sidebar-layout":"default","site-content-layout":"","ast-site-content-layout":"","site-content-style":"default","site-sidebar-style":"default","ast-global-header-display":"","ast-banner-title-visibility":"","ast-main-header-display":"","ast-hfb-above-header-display":"","ast-hfb-below-header-display":"","ast-hfb-mobile-header-display":"","site-post-title":"disabled","ast-breadcrumbs-content":"","ast-featured-img":"","footer-sml-layout":"","theme-transparent-header-meta":"","adv-header-id-meta":"","stick-header-meta":"","header-above-stick-meta":"","header-main-stick-meta":"","header-below-stick-meta":"","astra-migrate-meta-layouts":"default","ast-page-background-enabled":"default","ast-page-background-meta":{"desktop":{"background-color":"var(--ast-global-color-4)","background-image":"","background-repeat":"repeat","background-position":"center center","background-size":"auto","background-attachment":"scroll","background-type":"","background-media":"","overlay-type":"","overlay-color":"","overlay-gradient":""},"tablet":{"background-color":"","background-image":"","background-repeat":"repeat","background-position":"center center","background-size":"auto","background-attachment":"scroll","background-type":"","background-media":"","overlay-type":"","overlay-color":"","overlay-gradient":""},"mobile":{"background-color":"","background-image":"","background-repeat":"repeat","background-position":"center center","background-size":"auto","background-attachment":"scroll","background-type":"","background-media":"","overlay-type":"","overlay-color":"","overlay-gradient":""}},"ast-content-background-meta":{"desktop":{"background-color":"var(--ast-global-color-5)","background-image":"","background-repeat":"repeat","background-position":"center center","background-size":"auto","background-attachment":"scroll","background-type":"","background-media":"","overlay-type":"","overlay-color":"","overlay-gradient":""},"tablet":{"background-color":"var(--ast-global-color-5)","background-image":"","background-repeat":"repeat","background-position":"center center","background-size":"auto","background-attachment":"scroll","background-type":"","background-media":"","overlay-type":"","overlay-color":"","overlay-gradient":""},"mobile":{"background-color":"var(--ast-global-color-5)","background-image":"","background-repeat":"repeat","background-position":"center center","background-size":"auto","background-attachment":"scroll","background-type":"","background-media":"","overlay-type":"","overlay-color":"","overlay-gradient":""}},"footnotes":""},"_links":{"self":[{"href":"https:\/\/www.eosverona.com\/new\/wp-json\/wp\/v2\/pages\/1193"}],"collection":[{"href":"https:\/\/www.eosverona.com\/new\/wp-json\/wp\/v2\/pages"}],"about":[{"href":"https:\/\/www.eosverona.com\/new\/wp-json\/wp\/v2\/types\/page"}],"author":[{"embeddable":true,"href":"https:\/\/www.eosverona.com\/new\/wp-json\/wp\/v2\/users\/1"}],"replies":[{"embeddable":true,"href":"https:\/\/www.eosverona.com\/new\/wp-json\/wp\/v2\/comments?post=1193"}],"version-history":[{"count":1,"href":"https:\/\/www.eosverona.com\/new\/wp-json\/wp\/v2\/pages\/1193\/revisions"}],"predecessor-version":[{"id":1194,"href":"https:\/\/www.eosverona.com\/new\/wp-json\/wp\/v2\/pages\/1193\/revisions\/1194"}],"wp:attachment":[{"href":"https:\/\/www.eosverona.com\/new\/wp-json\/wp\/v2\/media?parent=1193"}],"curies":[{"name":"wp","href":"https:\/\/api.w.org\/{rel}","templated":true}]}}